2*b - 10. Let j = k + 15. What is the tens digit of j?
1
Let z = 83 - 48. What is the units digit of (-399)/(-15) + 14/z?
7
Let w be (1308/36)/(2/(-6)). Let a = -65 - w. Suppose -t = 3*t - a. What is the tens digit of t?
1
Let k be ((-12)/10)/((-6)/20). Suppose 0 = k*d - 5*h + 2*h - 39, -5*d = -3*h - 51. Suppose -4*u + 2 = 2*s - d, 4*u + 4 = 0. What is the units digit of s?
9
Suppose -2*r - 9*r = -7106. What is the tens digit of r?
4
Let m = 63 - 24. Let g be 5*(2 + 62/(-10)). Let t = g + m. What is the units digit of t?
8
Suppose 7*q - 1568 - 3920 = 0. What is the units digit of q?
4
Let r(p) = p**2 - 10*p - 2. Let x(g) = g**2 + g + 1. Let l(q) = -r(q) - 5*x(q). Let i be l(3). Let m = -22 - i. What is the tens digit of m?
2
Let y = 0 + 43. Let p(n) = -n**3 - 10*n**2 + 9*n - 14. Let t be p(-11). Let c = y - t. What is the tens digit of c?
3
Let g = 235 + -386. Let l = g - -264. What is the hundreds digit of l?
1
Suppose 4*f = 3*a - 8, -5 = -4*a - 2*f + 13. Suppose -2*s + 2*n = a, -3*n = -6*s + 2*s - 6. Suppose s = 2*y - 3*y + 16. What is the tens digit of y?
1
Suppose 2*o + 3*o = 5*y - 20, 5*y - o - 16 = 0. Suppose 4*s - 43 = 3*l - 15, -s - l = 0. Suppose y*q + 44 = s*q. What is the units digit of q?
4
Suppose 0 = -103*a + 111*a - 16152. What is the hundreds digit of a?
0
Let j(q) = -162*q + 23. What is the tens digit of j(-1)?
8
Suppose -7*c = -4*c - 1203. Let u be 42/63 - c/3. Let t = -63 - u. What is the tens digit of t?
7
Suppose -26*q - 9*q + 7315 = 0. What is the units digit of q?
9
Suppose 1 = 4*o + 5*p, 0 = -4*o - p + 5*p - 44. Suppose 3*l + 38 = 2*u, 2*u = -0*u + 8. What is the units digit of (l/(-3))/(o/(-9))?
5
Let q be 1/(2/(-6))*-1. Suppose w = 2*w + 4*h + 1, 24 = q*w + 3*h. What is the units digit of w?
1
Let t(h) = h**2 + 48*h + 172. Let z(w) = -12*w - 43. Let d(g) = 2*t(g) + 9*z(g). What is the tens digit of d(-7)?
3
Let n = 414 + 1221. What is the tens digit of n?
3
Let j(l) = 8*l - 15. Let g(h) = 7*h - 15. Let s(y) = 7*g(y) - 6*j(y). Let n be s(7). Let f = n - -27. What is the units digit of f?
9
Suppose -3*a + 6*a - 9 = -2*i, 32 = 5*i - 2*a. Suppose l - i = 23. What is the tens digit of l?
2
Suppose -14*z = -9129 - 11395. What is the thousands digit of z?
1
Let f = -14 + 7. Let r(a) = 3*a**2 + 24*a - 12. Let j(t) = 4*t**2 + 36*t - 18. Let k(y) = f*r(y) + 5*j(y). What is the tens digit of k(9)?
2
Suppose 13*v = 8*v - 105. What is the tens digit of (-2181)/v + (-2)/(-14)?
0
Let h(o) = -19*o + 7*o - 6*o + 6. What is the tens digit of h(-5)?
9
Suppose 21*x + 2781 = 3*u + 19*x, 1849 = 2*u - 3*x. What is the hundreds digit of u?
9
Suppose 3*u = 12*n - 17*n + 901, -u - n = -297. What is the units digit of u?
2
Suppose -1763 = -v - 148. What is the thousands digit of v?
1
Let t be 31/((-6 - -3)/(-3)). Let m = t - 21. What is the tens digit of (-3336)/(-60) + 4/m?
5
Let p = -102 - -37. What is the hundreds digit of 6/(-39) - 14505/p?
2
Suppose 10*l + 32 = 11*l. Suppose l = 4*r - 16. Suppose k = 2*k - r. What is the tens digit of k?
1
Let q(l) = 0*l - 16 - 3*l + 10 - 12. Let w be q(-8). Suppose 3 + 3 = w*s. What is the units digit of s?
1
Suppose 0 = -5*h + 4*f + 4511, 4*h - 3612 = 14*f - 10*f. What is the units digit of h?
9
Let y = 133 - 129. What is the units digit of y?
4
What is the units digit of (72/(-10))/(5/(-275))?
6
Suppose -6*k - 1102 - 56 = 0. Let a = -76 - k. What is the hundreds digit of a?
1
Let s(n) = n**3 - 10*n**2 + 9*n. Let b(y) = -y**3 - 7*y**2 - y + 2. Let l be b(-7). Let p be s(l). Suppose p*h = 2*h - 76. What is the units digit of h?
8
Let g = -4006 - -2798. What is the tens digit of (-5)/(60/g) - 1/(-3)?
0
Let z be (1 - (-2)/(-3))*-3. Let s(n) = -3*n**3 + n**2 - 1. Let h be s(z). Suppose 3*a - h*f = 51, 12 - 44 = -4*a - 5*f. What is the units digit of a?
3
Let l(a) = 14*a**3 - 30*a + 75. What is the units digit of l(7)?
7
What is the hundreds digit of 1/(72/(-16)) + 4430/9?
4
Suppose 0 = 4*r - 20, 0 = -5*t - 2*r - 2*r + 235. Suppose 3*d = -2*o + t, -4*o + 62 = -0*o - 2*d. What is the tens digit of o?
1
Let j be (9 - 5)/((-1)/(-2)). Suppose j*o - 3*o - 10 = 0. Suppose -o*b + 111 = 2*x + x, -3*b - 148 = -4*x. What is the units digit of x?
7
Suppose 4284 = 11*c - 2*c. Suppose 3*o - c = -o. What is the hundreds digit of o?
1
Let p = 2035 + -1115. What is the hundreds digit of p?
9
Suppose -4*d = -7*d + 6. Suppose -4 = -s, s - 5 = 3*h + d*s. What is the units digit of -1 + (2 - h) + 21?
5
Suppose 19*d - 6350 = -2322. What is the hundreds digit of d?
2
Let k = -8 - -6. Let v be k/8 - 25/(-4). Let r(n) = 2*n**2 - 8*n - 3. What is the units digit of r(v)?
1
Let c = -5 - -14. Suppose -3*u + u - z + c = 0, -5*z - 3 = 2*u. Let o = 14 + u. What is the tens digit of o?
2
Suppose -2*b = -4*z - 294, 5*b - 3*b - 300 = -2*z. Let f = b - 76. What is the tens digit of f?
7
Suppose -10*d = -4514 - 21806. What is the tens digit of d?
3
Suppose -5*n = 3*h - 967 - 915, 0 = 4*h + 4*n - 2496. What is the tens digit of h?
1
Suppose u + 2*u = 3*w - 1410, -1881 = -4*w + 3*u. What is the units digit of w?
1
Suppose z - 4*z = 624. Let v be z/(-20) + 6/(-15). Suppose 4*d + v = 46. What is the units digit of d?
9
Suppose 4*c - 623 = -j + 8*c, -2*j - 2*c = -1236. What is the hundreds digit of j?
6
Let o(c) = c**2 + c + 1. Let m(l) = -4*l**2 + 4*l + 4. Let f(v) = m(v) + 3*o(v). Let p be f(8). What is the units digit of 2*p + (1 - -3)?
2
What is the thousands digit of 4/12 - (-15334)/6?
2
Let d = -540 - -1018. What is the hundreds digit of d?
4
Let o(y) = y**3 - y**2 - 6*y - 11. Let g be o(4). Suppose 0 = g*j - 7*j - 1056. What is the hundreds digit of j?
1
Let j = 26 + -15. Suppose -3*i = 5*h + i - 16, -3*h + j = i. Suppose -h*f + 33 = -19. What is the tens digit of f?
1
Let q(k) = 48*k**2 + 63*k + 48. Let t(n) = 3*n**2 + 4*n + 3. Let v(d) = -2*q(d) + 33*t(d). What is the units digit of v(-6)?
5
Let l(r) = 2*r**3 + 2*r**2 + 4*r + 3. Let n be l(-2). Let k be 284/n + (-32)/208. Let z = k + 39. What is the tens digit of z?
1
Let i = 7899 + -4670. What is the thousands digit of i?
3
Let t be (-3)/(((-6)/(-369))/(-2)). Suppose 3 + 5 = 4*v. Suppose -v*j = -11*j + t. What is the tens digit of j?
4
Let j = -87 - -94. What is the tens digit of 2/(-4)*(-1)/(j/4340)?
1
Let c be 10/8 - (-21)/28. Let f(b) = 0*b**2 - 3 - b - 3*b**c - 3*b**2 - 5 + b**3. What is the tens digit of f(7)?
3
Let r = 12 + -14. What is the units digit of 2/r + 7 + 0 + 1?
7
Let x = -35 + 35. Suppose 5*t = 2*u + 269, 0 = 3*t + 5*u - x*u - 149. What is the units digit of t?
3
Suppose 21519 = 44*c - 24109. What is the units digit of c?
7
What is the hundreds digit of -2 + -2 + 3 + (5 - -190)?
1
Let l = 10 - 8. Suppose 0 = -2*a - n + 56, 46 + 4 = l*a + 4*n. What is the units digit of a?
9
Let w(v) = -v**3 - 15*v**2 - 4*v + 62. What is the tens digit of w(-17)?
0
Suppose 0 = -51*d + 68*d - 21318. What is the units digit of d?
4
Let v(x) = -x**3 - 18*x**2 - 2*x + 7. Let c be v(-18). What is the tens digit of (22 + -23)/((-1)/c)?
4
Let n(w) = -w**2 - w - 1. Let f(x) = -x**3 + 15*x**2 - 4*x + 22. Let y(v) = -f(v) - 6*n(v). What is the units digit of y(9)?
4
Let y(c) = c - 2. Let g be y(7). Let k(h) = h**3 + 15*h**2 - 16*h + 9. Let p be k(-16). Suppose g*j + 56 = p*j. What is the tens digit of j?
1
What is the tens digit of 420/(-36) + 12 + 3784/6?
3
Let x(p) be the second derivative of p**4/12 + p**3/2 + p**2/2 - 3*p. Let a be x(-2). What is the tens digit of (a/(-2))/((-1)/(-44))?
2
Let q(d) = 9*d - 31. Let y be q(13). What is the units digit of 1*-5*(5 + y/(-10))?
8
Suppose -4*j + 68 = -x, 3*x + 2*j - 3*j + 160 = 0. Let h = x - -219. What is the units digit of h?
7
Suppose -8*d = -14*d - 42. Let w(r) = -150*r**2 + 7 + 151*r**2 + r + r. What is the tens digit of w(d)?
4
Suppose -14*t + 3939 = -t. What is the units digit of t?
3
Let f = -1249 + 1893. What is the units digit of f?
4
Suppose 18*r + 113 = d + 21*r, 0 = -2*r - 2. What is the hundreds digit of d?
1
Let m = 25 - -66. Suppose 2*r - m = 33. What is the tens digit of r?
6
Suppose 0 = -g - 3*x + 1751, 8806 = 5*g + 12*x - 14*x. What is the thousands digit of g?
1
Suppose -76 = -3*f + 86. Let r(m) = -m. Let l be r(-5). Suppose -2*y - c = -6*c - 113, -l*c - f = -y. What is the units digit of y?
9
Suppose -u + 4*h + 1 = 5*h, 3*u = h